List the prime factors of 43698.
2, 3, 7283
List the prime factors of 2161.
2161
What are the prime factors of 1539?
3, 19
List the prime factors of 4123.
7, 19, 31
List the prime factors of 10517.
13, 809
List the prime factors of 449.
449
What are the prime factors of 831?
3, 277
What are the prime factors of 4734?
2, 3, 263
List the prime factors of 33804.
2, 3, 313
List the prime factors of 16716.
2, 3, 7, 199
List the prime factors of 37253.
37253
What are the prime factors of 2188?
2, 547
List the prime factors of 21652.
2, 5413
List the prime factors of 187.
11, 17
What are the prime factors of 4957?
4957
List the prime factors of 99727.
31, 3217
What are the prime factors of 1244?
2, 311
What are the prime factors of 54395?
5, 11, 23, 43
What are the prime factors of 25369?
23, 1103
What are the prime factors of 62317?
101, 617
List the prime factors of 27521.
13, 29, 73
What are the prime factors of 1280?
2, 5
List the prime factors of 1996.
2, 499
List the prime factors of 1017.
3, 113
List the prime factors of 63111.
3, 109, 193
List the prime factors of 5771.
29, 199
List the prime factors of 47463.
3, 13, 1217
What are the prime factors of 71270?
2, 5, 7127
List the prime factors of 66871.
7, 41, 233
List the prime factors of 21181.
59, 359
What are the prime factors of 2388?
2, 3, 199
List the prime factors of 2001.
3, 23, 29
List the prime factors of 715.
5, 11, 13
What are the prime factors of 1565?
5, 313
List the prime factors of 5201.
7, 743
List the prime factors of 1121.
19, 59
What are the prime factors of 951?
3, 317
List the prime factors of 5290.
2, 5, 23
List the prime factors of 1361.
1361
List the prime factors of 1543.
1543
List the prime factors of 339.
3, 113
List the prime factors of 4081.
7, 11, 53
List the prime factors of 7422.
2, 3, 1237
List the prime factors of 1170.
2, 3, 5, 13
What are the prime factors of 21?
3, 7
List the prime factors of 2120.
2, 5, 53
What are the prime factors of 24017?
7, 47, 73
List the prime factors of 12352.
2, 193
What are the prime factors of 1443?
3, 13, 37
What are the prime factors of 65675?
5, 37, 71
What are the prime factors of 7708?
2, 41, 47
List the prime factors of 5061.
3, 7, 241
What are the prime factors of 172?
2, 43
List the prime factors of 65124.
2, 3, 67
List the prime factors of 4122.
2, 3, 229
List the prime factors of 62418.
2, 3, 101, 103
List the prime factors of 9803.
9803
What are the prime factors of 24672?
2, 3, 257
What are the prime factors of 33186?
2, 3, 5531
What are the prime factors of 6685?
5, 7, 191
List the prime factors of 89850.
2, 3, 5, 599
What are the prime factors of 3983?
7, 569
List the prime factors of 36018.
2, 3, 23, 29
What are the prime factors of 63812?
2, 7, 43, 53
What are the prime factors of 2672?
2, 167
What are the prime factors of 1978?
2, 23, 43
List the prime factors of 36765.
3, 5, 19, 43
What are the prime factors of 29393?
7, 13, 17, 19
What are the prime factors of 59810?
2, 5, 5981
List the prime factors of 88021.
23, 43, 89
List the prime factors of 10585.
5, 29, 73
What are the prime factors of 2566?
2, 1283
What are the prime factors of 2032?
2, 127
What are the prime factors of 13022?
2, 17, 383
What are the prime factors of 436?
2, 109
What are the prime factors of 797?
797
What are the prime factors of 12958?
2, 11, 19, 31
List the prime factors of 68231.
31, 71
List the prime factors of 4070.
2, 5, 11, 37
What are the prime factors of 106?
2, 53
List the prime factors of 54.
2, 3
List the prime factors of 5043.
3, 41
List the prime factors of 32408.
2, 4051
List the prime factors of 1450.
2, 5, 29
What are the prime factors of 474?
2, 3, 79
List the prime factors of 6861.
3, 2287
What are the prime factors of 830?
2, 5, 83
What are the prime factors of 1842?
2, 3, 307
List the prime factors of 46243.
131, 353
List the prime factors of 975.
3, 5, 13
What are the prime factors of 8607?
3, 19, 151
List the prime factors of 7066.
2, 3533
List the prime factors of 1566.
2, 3, 29
What are the prime factors of 283?
283
List the prime factors of 5195.
5, 1039
What are the prime factors of 147140?
2, 5, 7, 1051
List the prime factors of 1121.
19, 59
List the prime factors of 2592.
2, 3
What are the prime factors of 13545?
3, 5, 7, 43
List the prime factors of 1865.
5, 373
List the prime factors of 191202.
2, 3, 11, 2897
What are the prime factors of 1697?
1697
What are the prime factors of 3628?
2, 907
List the prime factors of 7619.
19, 401
What are the prime factors of 3919?
3919
What are the prime factors of 3929?
3929
List the prime factors of 4856.
2, 607
List the prime factors of 29569.
29569
What are the prime factors of 12721?
12721
List the prime factors of 814.
2, 11, 37
List the prime factors of 77244.
2, 3, 41, 157
What are the prime factors of 3519?
3, 17, 23
What are the prime factors of 595?
5, 7, 17
What are the prime factors of 15564?
2, 3, 1297
What are the prime factors of 1436?
2, 359
List the prime factors of 880.
2, 5, 11
List the prime factors of 4702.
2, 2351
List the prime factors of 114323.
11, 19, 547
What are the prime factors of 93453?
3, 31151
What are the prime factors of 42962?
2, 21481
List the prime factors of 2591.
2591
What are the prime factors of 1618?
2, 809
List the prime factors of 462.
2, 3, 7, 11
What are the prime factors of 4?
2
What are the prime factors of 10950?
2, 3, 5, 73
What are the prime factors of 4442?
2, 2221
What are the prime factors of 23075?
5, 13, 71
What are the prime factors of 9850?
2, 5, 197
List the prime factors of 174.
2, 3, 29
List the prime factors of 5553.
3, 617
List the prime factors of 189.
3, 7
List the prime factors of 75197.
29, 2593
List the prime factors of 10904.
2, 29, 47
What are the prime factors of 919?
919
List the prime factors of 1121.
19, 59
What are the prime factors of 1576?
2, 197
What are the prime factors of 55736?
2, 6967
List the prime factors of 2717.
11, 13, 19
List the prime factors of 908.
2, 227
List the prime factors of 59311.
7, 37, 229
What are the prime factors of 15864?
2, 3, 661
List the prime factors of 49262.
2, 24631
What are the prime factors of 72952?
2, 11, 829
What are the prime factors of 37904?
2, 23, 103
What are the prime factors of 5688?
2, 3, 79
List the prime factors of 8170.
2, 5, 19, 43
List the prime factors of 2049.
3, 683
What are the prime factors of 24223?
24223
List the prime factors of 473.
11, 43
What are the prime factors of 724?
2, 181
List the prime factors of 3861.
3, 11, 13
What are the prime factors of 4136?
2, 11, 47
What are the prime factors of 2755?
5, 19, 29
List the prime factors of 65434.
2, 32717
What are the prime factors of 15045?
3, 5, 17, 59
List the prime factors of 20801.
11, 31, 61
What are the prime factors of 5444?
2, 1361
List the prime factors of 4010.
2, 5, 401
What are the prime factors of 4618?
2, 2309
What are the prime factors of 1356?
2, 3, 113
List the prime factors of 6549.
3, 37, 59
What are the prime factors of 3941?
7, 563
What are the prime factors of 363?
3, 11
What are the prime factors of 3843?
3, 7, 61
List the prime factors of 49552.
2, 19, 163
List the prime factors of 3391.
3391
What are the prime factors of 1372?
2, 7
What are the prime factors of 206?
2, 103
What are the prime factors of 242?
2, 11
What are the prime factors of 2273?
2273
What are the prime factors of 24195?
3, 5, 1613
What are the prime factors of 1422?
2, 3, 79
List the prime factors of 23846.
2, 11923
List the prime factors of 1873.
1873
What are the prime factors of 551?
19, 29
List the prime factors of 36170.
2, 5, 3617
What are the prime factors of 7608?
2, 3, 317
What are the prime factors of 51997?
11, 29, 163
List the prime factors of 2069.
2069
List the prime factors of 10253.
10253
List the prime factors of 2756.
2, 13, 53
List the prime factors of 755.
5, 151
List the prime factors of 37306.
2, 23, 811
What are the prime factors of 82072?
2, 10259
List the prime factors of 38284.
2, 17, 563
List the prime factors of 36078.
2, 3, 7, 859
What are the prime factors of 2546?
2, 19, 67
List the prime factors of 711.
3, 79
What are the prime factors of 439?
439
List the prime factors of 19190.
2, 5, 19, 101
What are the prime factors of 22130?
2, 5, 2213
What are t